st common divisor of f and 50?
25
Suppose -12 = 808*g - 811*g. Suppose z = -4*c + 159, g*c + 124*z = 126*z + 174. What is the greatest common factor of c and 205?
41
Let k = 60 + -75. Let y be ((-5)/k)/(2/330). Calculate the greatest common divisor of y and 33.
11
Suppose 7*y - 8*y + 2*y = 0. Suppose -5*n = 3*f - 250, y = 4*n - 6*f + 5*f - 200. Calculate the greatest common factor of n and 275.
25
Let j = -5404 - -5433. Calculate the highest common factor of j and 2987.
29
Suppose 0 = 2*t + t - 3, 3*m + 5*t - 182 = 0. Let w = m + 13. Suppose 1513 = -35*c + 107*c + 217. Calculate the greatest common divisor of w and c.
18
Let b = 18 + -15. Let p be (96/(-9) + b)/(4/(-72)). Suppose 4*j + 3*q - 117 = 2*j, -2*j + 4*q + p = 0. Calculate the highest common divisor of 9 and j.
9
Let w(b) = -209*b - 1685. Let j be w(-10). What is the greatest common factor of 60 and j?
15
Suppose -2 = 3*i - i + 2*n, 4*i + 5*n = -5. Suppose 27*c - 22*c + 10 = i. Let o be (1 - 4) + c/(-2)*218. Calculate the greatest common divisor of o and 86.
43
Let b be ((-255)/(-4))/(((-1833)/(-780))/47). Calculate the greatest common factor of 75 and b.
75
Suppose 58*f - 26429 = 39*f. Calculate the greatest common factor of f and 535.
107
Let d be -3*(-18715)/5*12/108*3. What is the greatest common divisor of d and 38?
19
Suppose 4*b - y = 19, b - 12 = y - 5. Suppose 64 = b*g - 2*i - 0*i, -5*i = 4*g - 36. What is the highest common divisor of 4 and g?
2
Let y be ((-1158)/(-4))/((-5)/1 + (-91)/(-18)). What is the highest common divisor of y and 27?
27
Let z = -20951 + 20981. Calculate the highest common factor of z and 2330.
10
Let u(z) = 207*z - 1032. Let d be u(6). Let g = 0 - -2. Let x be (21/(-1))/((-1)/g). What is the greatest common divisor of d and x?
42
Let x be (30/45)/((-1)/150)*-50. Calculate the greatest common factor of x and 40.
40
Suppose 0 = a - 5 - 40. Let t be 2/5 - (-108)/30. Let l be (-2 + -418)*(-1 + t/16). Calculate the greatest common divisor of a and l.
45
Let w be 7/35 - (-4287)/15. Suppose 55 = -21*k + w. What is the greatest common factor of k and 11?
11
Suppose -856 + 936 = 8*h. What is the greatest common divisor of h and 490?
10
Let t(i) = 35*i**2 + 35*i - 34. Let l be t(1). What is the highest common divisor of l and 192?
12
Suppose 3*w - 162 = -4*v, -2*w + 7791*v - 7794*v = -111. Suppose -86 = -2*m - 2*m + 2*f, 0 = m - 4*f - 25. Calculate the greatest common divisor of w and m.
21
Let b = -108 - -225. Suppose 0 = -2*r + 3*t + 138 + 489, 4*t - 1244 = -4*r. Calculate the greatest common divisor of r and b.
39
Suppose 5*x - 3*x = -4*r + 20, -4*r = -16. Suppose -x*l - 1 = -7. Let g be ((-60)/(-4) + l)/2. Calculate the greatest common divisor of 1 and g.
1
Let c = -3816 + 3840. What is the greatest common divisor of 6096 and c?
24
Let k(t) = 2*t + 18. Suppose 2*d - 7*d = 4*x + 41, -4*d = 4. Let u be k(x). Let l be 110/40*(u + 0 + 36). What is the highest common factor of 66 and l?
33
Let y(x) = 264*x**2 - 2110*x - 8. Let m be y(8). Suppose 272 = 3*r - r. What is the greatest common divisor of m and r?
8
Let g(v) = -16*v - 348. Let o be g(-28). What is the greatest common divisor of 16 and o?
4
Let h(y) = 35*y - 1604. Let a be h(46). What is the highest common divisor of 735 and a?
3
Let s = 16251 + -16131. Calculate the highest common divisor of 1368 and s.
24
Let k be 3*(-3 - (-190)/(-15)). Let y = k + 54. Calculate the greatest common factor of y and 77.
7
Suppose g + 56 = 3*s + 5*g, -4*g + 76 = 4*s. Let y(v) = 106*v + 1908. Let o be y(-8). Calculate the highest common factor of o and s.
20
Suppose 28*g - 676 = 499 + 1. Calculate the highest common divisor of 66 and g.
6
Let a = -109 - -109. Suppose a = 3*g + 4*f - 5*f - 273, 466 = 5*g + 2*f. What is the greatest common divisor of 46 and g?
46
Let j(w) = w**3 + 2*w**2 + 21*w - 201. Let r be j(10). Calculate the highest common factor of r and 3999.
93
Let b(g) = -24*g - 763. Let f be b(-34). What is the highest common factor of 2385 and f?
53
Let q(w) = 2*w**2 + 5*w + 2*w**2 + 0*w + 2. Let z be q(-5). Let k = 94252 - 94219. What is the highest common factor of k and z?
11
Let i be 20 + (-2 - (1 + -1)). Let d(b) = -5791*b + 6187. Let q be d(1). Calculate the highest common divisor of i and q.
18
Suppose 4256*d + 68760 = 4274*d. What is the highest common factor of 10 and d?
10
Suppose -15*i + 1156 = 572 - 586. Calculate the greatest common factor of 4758 and i.
78
Suppose 574 = -o + 579. What is the highest common divisor of o and 4?
1
Let t(l) = -1517*l - 2114. Let k be t(-2). Calculate the greatest common divisor of 120 and k.
40
Let z(q) = -q**2 + 2*q + 27. Let h be z(6). Suppose -g - 1199 = -5*y + 55, h*y + 2*g - 742 = 0. Calculate the greatest common factor of y and 2.
2
Suppose -5*f = -4*k + 188, -5*k - 2*f = -5*f - 222. Suppose -12405 - 6443 = -32*a. Suppose -797 = -11*i + a. What is the highest common factor of k and i?
42
Let j(u) = -12 + u**2 - 14*u + 27 - 7*u + 9*u. Let i be j(13). Let k(r) = -2*r + 36. Let h be k(-17). What is the highest common factor of h and i?
14
Suppose 13*y - 4*y = 360. Let j = y - 26. Suppose 3*i = 2*i - 2*u + 78, i = 4*u + 54. What is the highest common divisor of i and j?
14
Let w = -15 + 21. Let x be (6*(1 + 0))/((-45)/(-120)). Let f(r) = r - 12. Let b be f(x). What is the greatest common factor of b and w?
2
Let q = 3342 - 3309. Calculate the highest common factor of 473 and q.
11
Suppose t - 47 = -21. Suppose -5*l - q + t = 0, -11 = 3*q + 1. What is the highest common factor of 39 and l?
3
Suppose 2*t - 14262 = -2*n, 15*n = t - 8350 + 1139. What is the greatest common factor of t and 223?
223
Suppose -v + 3 = 5. Let z be (-3956)/(-20) - (-1)/(-10)*v. Let w(a) = -6*a. Let s be w(-3). What is the highest common divisor of z and s?
18
Let l be 540/156 + (-60)/130. What is the greatest common divisor of l and 6267?
3
Suppose 19*s + 134 = 3*q + 14*s, 5*q + 3*s = 246. What is the highest common factor of 3624 and q?
24
Suppose -8*y = -4*r - 7*y + 6659, -y - 1667 = -r. Suppose 0 = 9*m + 7*m - r. What is the highest common factor of 24 and m?
8
Let r(t) = t**2 - 21*t + 58. Let i be r(18). Let a be 4/(((-1)/i)/(21/(-28))). Calculate the highest common factor of a and 12.
12
Let u be (-22)/35*-7*((-135)/6)/(-3). Let i(l) = l + 2. Let d be i(-2). Let w = d - -22. Calculate the highest common divisor of u and w.
11
Suppose 4*r + 103*n - 350 = 101*n, 2*n - 170 = -2*r. Let o(j) = j**3 + 8*j**2 + 10. Let z be o(-8). Calculate the highest common divisor of r and z.
10
Let f = -2 - -4. Let o be (1/f)/((-1)/(-24)). Let d = -879 - -888. What is the highest common divisor of d and o?
3
Let w be (-2)/(-9) - (-28)/63*718/4. Calculate the highest common factor of w and 3840.
80
Let b = 24050 + -21725. What is the greatest common divisor of 837 and b?
93
Suppose 2*o - 76 = -2*n, -4*o - 98 - 65 = -5*n. Calculate the highest common divisor of n and 175.
35
Let v = -636 + 654. Suppose 54 = -x + 4*x. Let q be 18/(-10)*(-60)/x. What is the highest common factor of v and q?
6
Let f(w) be the second derivative of -w**4/12 + 8*w**3/3 + 19*w**2/2 + w + 2. Let n be f(16). What is the highest common divisor of n and 152?
19
Suppose 75*g = 214*g + 61988 - 276048. Calculate the highest common divisor of 4928 and g.
308
Let n(o) = -11 - 10*o - 290 - 5 + 5*o - 11*o. Let c be n(-20). Calculate the highest common divisor of c and 287.
7
Suppose 3*d = -3*b + b - 38, 26 = -2*b + 3*d. Let h(q) = 2*q**2 + 32*q + 24. Let y be h(b). Calculate the highest common divisor of y and 18.
6
Let b = 1762 - -3083. What is the greatest common factor of 57 and b?
57
Let b(u) = -4*u**2 - 35*u - 42. Let p be b(-6). Calculate the greatest common divisor of p and 75.
3
Let d = -50 - -96. Suppose 12*m - 9*m + 138 = 0. Let j be m/69*690/(-4). Calculate the highest common divisor of d and j.
23
Let h be (-186)/4*(-48)/(-18). Let i = 214 + h. What is the greatest common factor of i and 60?
30
Let r(g) = -114*g + 5. Let v be r(1). Let a = 114 + v. Suppose -8*w = -5*w - 3. What is the highest common divisor of a and w?
1
Suppose n - 24*s + 20*s = 19, -3*n = 2*s - 85. What is the highest common divisor of n and 7884?
27
Suppose 7*q - 15 = 6. Suppose 4*j = -x + 3*j - 8, -48 = q*x - 3*j. Let s be 2*6*(-3)/x. What is the highest com